3 + -3?
23040
In base 9, what is 225 - 5?
220
In base 13, what is -1188 + 3?
-1185
In base 9, what is -5201 + 5?
-5185
In base 16, what is -86 - -1?
-85
In base 8, what is -11 + 4?
-5
In base 11, what is -216 + 2?
-214
In base 7, what is 3 - -2620?
2623
In base 8, what is -1 - 3762?
-3763
In base 6, what is 2355 + 4?
2403
In base 3, what is 11 - -220022?
220110
In base 5, what is -321 + 204?
-112
In base 8, what is 103 - -31?
134
In base 13, what is -3 + 128?
125
In base 10, what is 27 - -4?
31
In base 8, what is 711 + 3?
714
In base 14, what is -16 - -61?
49
In base 12, what is 43 + -5?
3a
In base 7, what is 0 - 413?
-413
In base 7, what is 1336 - 5?
1331
In base 16, what is -2 - 41?
-43
In base 5, what is 424 + -4?
420
In base 15, what is -8 - -16?
d
In base 2, what is -1000 + -110011010?
-110100010
In base 6, what is -211010 + 0?
-211010
In base 11, what is 307 - 5?
302
In base 6, what is -11 - 111?
-122
In base 4, what is 2132 + -231?
1301
In base 4, what is 2102 - 1?
2101
In base 9, what is -2 + -6751?
-6753
In base 16, what is -60 + 24?
-3c
In base 7, what is 365 - 334?
31
In base 9, what is 75 - -102?
177
In base 7, what is 40 - 236?
-166
In base 12, what is -1792 + -1?
-1793
In base 7, what is 1224 + -2?
1222
In base 13, what is 1 + -14?
-13
In base 9, what is 0 + -2751?
-2751
In base 6, what is 104 - -5?
113
In base 2, what is 101 - -111010100?
111011001
In base 7, what is -12 - -60?
45
In base 8, what is -164 + 133?
-31
In base 13, what is -1 + 87b?
87a
In base 9, what is -15 + -1726?
-1742
In base 6, what is 205025 - 2?
205023
In base 11, what is -50 + -202?
-252
In base 13, what is 7a8 - -18?
7c3
In base 13, what is 1c6 + -3?
1c3
In base 4, what is 3 - 32103?
-32100
In base 5, what is 1 - 210?
-204
In base 10, what is -22 - -21?
-1
In base 16, what is 3 - 6e0?
-6dd
In base 12, what is 8a3 + 1?
8a4
In base 12, what is 210 - -b?
21b
In base 2, what is 10101100110 - 110?
10101100000
In base 16, what is -3 - -1db?
1d8
In base 16, what is -3697 + -1?
-3698
In base 12, what is -4639 - 2?
-463b
In base 12, what is -30 + -385?
-3b5
In base 5, what is -23 + -142?
-220
In base 7, what is -12 + -413?
-425
In base 4, what is -31 + 20?
-11
In base 16, what is 4b + 3?
4e
In base 7, what is 1 + 52?
53
In base 3, what is -212210 - -11?
-212122
In base 16, what is -2e - d?
-3b
In base 12, what is 4 - -424?
428
In base 15, what is 0 + -ca?
-ca
In base 15, what is 4 + c9?
cd
In base 12, what is -2 - -95?
93
In base 14, what is 10cc - -1?
10cd
In base 3, what is 1 - -102210212?
102210220
In base 9, what is 163 - 16?
146
In base 15, what is -eda + 4?
-ed6
In base 15, what is -91 - -2?
-8e
In base 2, what is -10101000 + -10010?
-10111010
In base 10, what is -1433 + -10?
-1443
In base 15, what is 4 - -427?
42b
In base 8, what is -1 + 446?
445
In base 11, what is -57 - -2?
-55
In base 13, what is 6 - -2c3?
2c9
In base 3, what is -1122 - -10020?
1121
In base 14, what is -2 - 4?
-6
In base 9, what is -603 - -5?
-587
In base 13, what is 36 - 1c?
17
In base 3, what is 11 - -1111021?
1111102
In base 12, what is 194 - 1a?
176
In base 9, what is -1 + 70?
68
In base 3, what is 12 + 21?
110
In base 14, what is 1390 - 1?
138d
In base 12, what is 4 + 589?
591
In base 2, what is 1000001 - -11110?
1011111
In base 5, what is 1 - -2?
3
In base 4, what is 3 + 1120?
1123
In base 6, what is 11 - -3?
14
In base 4, what is 202 - 20?
122
In base 5, what is 11 - -131113?
131124
In base 3, what is -101022 + 1?
-101021
In base 15, what is 784 - 5?
77e
In base 15, what is 4 + -3b1?
-3ac
In base 7, what is 165 + -10?
155
In base 2, what is -110100 - -100?
-110000
In base 12, what is -3 + 55a?
557
In base 13, what is -1bc - 0?
-1bc
In base 6, what is -4 + 2411?
2403
In base 8, what is -63647 - 5?
-63654
In base 2, what is -100010111 + 0?
-100010111
In base 14, what is -39c + 2?
-39a
In base 4, what is 0 + 20?
20
In base 6, what is 3012 - 24?
2544
In base 3, what is -2002 + 100?
-1202
In base 4, what is 20 - 231?
-211
In base 15, what is 76 + -1?
75
In base 9, what is 4 + -70?
-65
In base 14, what is -2 + -1c95?
-1c97
In base 8, what is 7004 - 4?
7000
In base 11, what is 1020 - 3?
1018
In base 4, what is -10 + 310?
300
In base 15, what is -1 - 208?
-209
In base 8, what is -20 - -204?
164
In base 8, what is -67 - -233?
144
In base 6, what is -30 - -42?
12
In base 16, what is -44 + d?
-37
In base 16, what is 6be + -d?
6b1
In base 6, what is 2 + 101?
103
In base 9, what is -16 - 816?
-833
In base 11, what is 2102 + -4?
20a9
In base 11, what is -14 + 858?
844
In base 12, what is -3 + 33?
30
In base 14, what is a + -3?
7
In base 9, what is 14 - 25?
-11
In base 10, what is -745 - 13?
-758
In base 5, what is 2014 + -110?
1404
In base 10, what is -173 - -2?
-171
In base 6, what is -2 + -5402?
-5404
In base 4, what is 130 - -2?
132
In base 15, what is -1149 - 3?
-114c
In base 9, what is -80 + -33?
-123
In base 11, what is -3 + -143?
-146
In base 4, what is 221 - 12?
203
In base 9, what is 4 + -52?
-47
In base 11, what is 9 - 11?
-3
In base 11, what is -a1 - 9?
-aa
In base 8, what is 34513 - -1?
34514
In base 8, what is 1 + -126?
-125
In base 8, what is 5 + -50?
-43
In base 16, what is -18d + 0?
-18d
In base 5, what is 0 - -113?
113
In base 16, what is 4d + 18?
65
In base 9, what is -3 + -35?
-38
In base 11, what is 8 - -30?
38
In base 3, what is 11 + 221?
1002
In base 11, what is -217 - -6?
-211
In base 15, what is -2 - -c6c?
c6a
In base 7, what is 31 + -221?
-160
In base 5, what is 1144 - -4?
1203
In base 7, what is -3 + -221?
-224
In base 3, what is -112101 + -1?
-112102
In base 8, what is 45 - 7?
36
In base 4, what is -32 - 23220?
-23312
In base 11, what is 172 + 5?
177
In base 3, what is 1220000 - 1?
1212222
In base 6, what is 0 - 0?
0
In base 16, what is -17e - 4?
-182
In base 11, what is -10 - -87?
77
In base 11, what is -68 + 48?
-20
In base 12, what is 18b03 + 1?
18b04
In base 7, what is -446 - -23?
-423
In base 12, what is -2 - -1bb?
1b9
In base 7, what is 321 - 1?
320
In base 10, what is -9 + -709?
-718
In base 13, what is 5 - 302?
-2ca
In base 4, what is 1131011 - -2?
1131013
In base 14, what is -4 + a8?
a4
In base 16, what is -4 + -7?
-b
In base 15, what is 5 - d?
-8
In base 15, what is -12d + 3?
-12a
In base 5, what is -11032 - 2?
-11034
In base 5, what is -4 - -3412?
3403
In base 15, what is -198 - 2?
-19a
In base 13, what is 4 + -33?
-2c
In base 7, what is 6 - -6?
15
In base 6, what is 34115 + 3?
34122
In base 3, what is 1102 - 200?
202
In base 3, what is -11 - 2221102?
-2221120
In base 8, what is -1763 - -4?
-1757
In base 7, what is -42 - 6?
-51
In base 12, what is -811 - 1?
-812
In base 2, what is 100011110110110 - 100?
100011110110010
In base 4, what is 3 + -2203?
-2200
In base 14, what is 1 + -22?
-21
In base 13, what is -7 + 43?
39
In base 9, what is 732 + -2?
730
In base 8, what is -33174 - -5?
-33167
In base 7, what is 5 + 2023?
2031
In base 16, what is 7d + -2?
7b
In base 8, what is 4335 - -1?
4336
In base 12, what is 0 - -1730?
1730
In base 5, what is 121 + -102?
14
In base 5, what is 3433 + 10?
3443
In base 8, what is -5 + -123?
-130
In base 10, what is 23 - 28?
-5
In base 8, what is -107 - 5?
-114
In base 11, what is -231 + -5?
-236
In base 16, what is -b + 5d?
52
In base 4, what is 122 - -100?
222
In base 10, what is -3 + 61?
58
In base 6, what is 25 + 252?
321
In base 12, what is 4 - -a9?
b1
In base 9, what is 81 - -62?
153
In base 13, what is 176c - 3?
1769
In base 13, what is -12 + 1c9?
1b7
In base 13, what is -4 - -241?
23a
In base 2, what is -1110 + 111100?
101110
In base 8, what is 5111 - 1?
5110
In base 10, what is 0 + -12?
-12
In base 6, what is 4 - 140?
-132
In base 6, what is -1 + -12443?
-12444
In base 9, what is 152 - 4?
147
In base 16, what is -8ce5 - -4?
-8ce1
In base 9, what is -31 + -2?
-33
In base 16, what is -4 + 587?
583
In base 3, what is 2201 + 12?
2220
In base 4, what is 10 + -113113?
-113103
In base 13, what is -707 + 0?
-707
In base 8, what is 5 - -33?
40
In base 2, what is 10 + 11001?
11011
In base 11, what is 28 + 3a?
67
In base 6, what is 3 + -42?
-35
In base 10, what is -3424 + 5?
-3419
In base 12, what is 0 - 106b?
-106b
In base 5, what is -2134 - 2?
-2141
In base 11, what is 71 - -2?
73
In base 16, what is 4 + 16?
1a
In base 2, wh